{"id":60,"date":"2017-03-13T20:36:21","date_gmt":"2017-03-13T20:36:21","guid":{"rendered":"http:\/\/kjs-bitterfeld.acionline.de\/?page_id=60"},"modified":"2024-09-15T16:35:46","modified_gmt":"2024-09-15T16:35:46","slug":"schweisshundefuehrer","status":"publish","type":"page","link":"https:\/\/www.kjs-bitterfeld.de\/index.php\/schweisshundefuehrer\/","title":{"rendered":"Schwei\u00dfhundef\u00fchrer"},"content":{"rendered":"<p><strong>Schwei\u00dfhundestation Mitteldeutschland<\/strong><\/p>\n<p><strong>0177 \/ 89 53 724<\/strong><\/p>\n","protected":false},"excerpt":{"rendered":"<p>Schwei\u00dfhundestation Mitteldeutschland 0177 \/ 89 53 724<\/p>\n","protected":false},"author":767,"featured_media":0,"parent":0,"menu_order":0,"comment_status":"closed","ping_status":"closed","template":"","meta":{"_bbp_topic_count":0,"_bbp_reply_count":0,"_bbp_total_topic_count":0,"_bbp_total_reply_count":0,"_bbp_voice_count":0,"_bbp_anonymous_reply_count":0,"_bbp_topic_count_hidden":0,"_bbp_reply_count_hidden":0,"_bbp_forum_subforum_count":0},"_links":{"self":[{"href":"https:\/\/www.kjs-bitterfeld.de\/index.php\/wp-json\/wp\/v2\/pages\/60"}],"collection":[{"href":"https:\/\/www.kjs-bitterfeld.de\/index.php\/wp-json\/wp\/v2\/pages"}],"about":[{"href":"https:\/\/www.kjs-bitterfeld.de\/index.php\/wp-json\/wp\/v2\/types\/page"}],"author":[{"embeddable":true,"href":"https:\/\/www.kjs-bitterfeld.de\/index.php\/wp-json\/wp\/v2\/users\/767"}],"replies":[{"embeddable":true,"href":"https:\/\/www.kjs-bitterfeld.de\/index.php\/wp-json\/wp\/v2\/comments?post=60"}],"version-history":[{"count":12,"href":"https:\/\/www.kjs-bitterfeld.de\/index.php\/wp-json\/wp\/v2\/pages\/60\/revisions"}],"predecessor-version":[{"id":1357,"href":"https:\/\/www.kjs-bitterfeld.de\/index.php\/wp-json\/wp\/v2\/pages\/60\/revisions\/1357"}],"wp:attachment":[{"href":"https:\/\/www.kjs-bitterfeld.de\/index.php\/wp-json\/wp\/v2\/media?parent=60"}],"curies":[{"name":"wp","href":"https:\/\/api.w.org\/{rel}","templated":true}]}}