{"id":57,"date":"2017-03-13T20:36:21","date_gmt":"2017-03-13T19:36:21","guid":{"rendered":"http:\/\/kjs-bitterfeld.acionline.de\/?page_id=57"},"modified":"2026-04-07T09:15:58","modified_gmt":"2026-04-07T09:15:58","slug":"obleute","status":"publish","type":"page","link":"https:\/\/www.kjs-bitterfeld.de\/index.php\/obleute\/","title":{"rendered":"Obleute"},"content":{"rendered":"<p>Als Obleute stehen die folgenden Weidgenossen mit folgenden Themenfeldern zur Verf\u00fcgung:<\/p>\n<ul>\n<li>Jagdhornbl\u00e4ser: Frank Mahlert\n<ul>\n<li>E-Mail: f.mahlert@kjs-bitterfeld.de<\/li>\n<\/ul>\n<\/li>\n<li>k\u00fcnstlerische Leitung Jagdhornbl\u00e4ser: Fred Scheiter\n<ul>\n<li>E-Mail: f.scheiter@kjs-bitterfeld.de<\/li>\n<\/ul>\n<\/li>\n<li>Jagdhunde: Falko Haedicke\n<ul>\n<li>E-Mail: f.haedicke@kjs-bitterfeld.de<\/li>\n<\/ul>\n<\/li>\n<li>Naturschutz: Roland Schwarzkopf\n<ul>\n<li>E-Mail: r.schwarzkopf@kjs-bitterfeld.de<\/li>\n<\/ul>\n<\/li>\n<li>Wildbewirtschaftung: N. N.\n<ul>\n<li>E-Mail: info@kjs-bitterfeld.de<\/li>\n<\/ul>\n<\/li>\n<li>Vorsitzender Hochwildhegering: N. N.\n<ul>\n<li>E-Mail: info@kjs-bitterfeld.de<\/li>\n<\/ul>\n<\/li>\n<li>Vorsitzender Niederwildhegering: Andreas H\u00e4nsch\n<ul>\n<li>E-Mail: a.haensch@kjs-bitterfeld.de<\/li>\n<\/ul>\n<\/li>\n<li>Mitgliederverwaltung: Christian Heckel\n<ul>\n<li>E-Mail: ch.heckel@kjs-bitterfeld.de<\/li>\n<\/ul>\n<\/li>\n<li>jagdliches Schie\u00dfen: Oliver Tauber\n<ul>\n<li>E-Mail: o.tauber@kjs-bitterfeld.de<\/li>\n<\/ul>\n<\/li>\n<li>Jagdschule: Thomas Franke\n<ul>\n<li>E-Mail: jagdschule@kjs-bitterfeld.de<\/li>\n<\/ul>\n<\/li>\n<li>Redaktion \"Gr\u00fcnes Blatt\": Christian Behrendt\n<ul>\n<li>E-Mail: ch.behrendt@kjs-bitterfeld.de<\/li>\n<\/ul>\n<\/li>\n<li>Redaktion Webseite: Jens Wohlfahrt\n<ul>\n<li>E-Mail: j.wohlfahrt@kjs-bitterfeld.de<\/li>\n<\/ul>\n<\/li>\n<\/ul>\n","protected":false},"excerpt":{"rendered":"<p>Als Obleute stehen die folgenden Weidgenossen mit folgenden Themenfeldern zur Verf\u00fcgung: Jagdhornbl\u00e4ser: Frank Mahlert E-Mail: f.mahlert@kjs-bitterfeld.de k\u00fcnstlerische Leitung Jagdhornbl\u00e4ser: Fred Scheiter E-Mail: f.scheiter@kjs-bitterfeld.de Jagdhunde: Falko Haedicke E-Mail: f.haedicke@kjs-bitterfeld.de Naturschutz: Roland Schwarzkopf E-Mail: r.schwarzkopf@kjs-bitterfeld.de Wildbewirtschaftung: N. N. E-Mail: info@kjs-bitterfeld.de Vorsitzender Hochwildhegering: N. N. E-Mail: info@kjs-bitterfeld.de Vorsitzender Niederwildhegering: Andreas H\u00e4nsch E-Mail: a.haensch@kjs-bitterfeld.de Mitgliederverwaltung: Christian Heckel E-Mail: ch.heckel@kjs-bitterfeld.de <a href=\"https:\/\/www.kjs-bitterfeld.de\/index.php\/obleute\/\" class=\"more-link\">...weiterlesen<span class=\"screen-reader-text\"> \"Obleute\"<\/span><\/a><\/p>\n","protected":false},"author":1,"featured_media":0,"parent":0,"menu_order":0,"comment_status":"closed","ping_status":"closed","template":"","meta":{"_bbp_topic_count":0,"_bbp_reply_count":0,"_bbp_total_topic_count":0,"_bbp_total_reply_count":0,"_bbp_voice_count":0,"_bbp_anonymous_reply_count":0,"_bbp_topic_count_hidden":0,"_bbp_reply_count_hidden":0,"_bbp_forum_subforum_count":0},"_links":{"self":[{"href":"https:\/\/www.kjs-bitterfeld.de\/index.php\/wp-json\/wp\/v2\/pages\/57"}],"collection":[{"href":"https:\/\/www.kjs-bitterfeld.de\/index.php\/wp-json\/wp\/v2\/pages"}],"about":[{"href":"https:\/\/www.kjs-bitterfeld.de\/index.php\/wp-json\/wp\/v2\/types\/page"}],"author":[{"embeddable":true,"href":"https:\/\/www.kjs-bitterfeld.de\/index.php\/wp-json\/wp\/v2\/users\/1"}],"replies":[{"embeddable":true,"href":"https:\/\/www.kjs-bitterfeld.de\/index.php\/wp-json\/wp\/v2\/comments?post=57"}],"version-history":[{"count":28,"href":"https:\/\/www.kjs-bitterfeld.de\/index.php\/wp-json\/wp\/v2\/pages\/57\/revisions"}],"predecessor-version":[{"id":1459,"href":"https:\/\/www.kjs-bitterfeld.de\/index.php\/wp-json\/wp\/v2\/pages\/57\/revisions\/1459"}],"wp:attachment":[{"href":"https:\/\/www.kjs-bitterfeld.de\/index.php\/wp-json\/wp\/v2\/media?parent=57"}],"curies":[{"name":"wp","href":"https:\/\/api.w.org\/{rel}","templated":true}]}}