{"id":56,"date":"2017-03-13T20:36:21","date_gmt":"2017-03-13T19:36:21","guid":{"rendered":"http:\/\/kjs-bitterfeld.acionline.de\/?page_id=56"},"modified":"2025-05-23T19:49:01","modified_gmt":"2025-05-23T19:49:01","slug":"kreisjaegermeister","status":"publish","type":"page","link":"https:\/\/www.kjs-bitterfeld.de\/index.php\/kreisjaegermeister\/","title":{"rendered":"Kreisj\u00e4germeister"},"content":{"rendered":"<p>Die Jagdbeh\u00f6rde wird jagdlich beraten durch den Kreisj\u00e4germeister (BJG \u00a7 41). Er wird auf Vorschlag der Organisation der J\u00e4ger von der Vertretung des Landkreises oder der kreisfreien Stadt f\u00fcr die Dauer von deren Wahlperiode gew\u00e4hlt. Die Vertretung kann ihn vorzeitig abberufen, wenn daf\u00fcr ein wichtiger Grund vorliegt. Der Kreisj\u00e4germeister muss die Voraussetzungen des \u00a7 11 Abs. 5 Satz 1 des Bundesjagdgesetzes erf\u00fcllen. Er \u00fcbt seine Aufgaben ehrenamtlich aus und darf nicht in das Beamtenverh\u00e4ltnis berufen werden. Die Jagdbeh\u00f6rde kann dem Kreisj\u00e4germeister Befugnisse zur Erledigung im Auftrage \u00fcbertragen.<\/p>\n<p>Der Kreisj\u00e4germeister sorgt im Rahmen seiner Befugnisse f\u00fcr die Beachtung der allgemein anerkannten Grunds\u00e4tze deutscher Weidgerechtigkeit und f\u00fcr eine Durchf\u00fchrung der Hege entsprechend den Vorschriften des \u00a7 1 Abs. 2 des Bundesjagdgesetzes. Er ist Vorsitzender der Pr\u00fcfungskommission f\u00fcr die J\u00e4gerpr\u00fcfung gem\u00e4\u00df \u00a7 22 Abs. 3 BJG.<\/p>\n<p>Allgemeiner Vertreter des Kreisj\u00e4germeisters ist der Vertreter der J\u00e4ger im Jagdbeirat. Erscheint es der Jagdbeh\u00f6rde wegen der Gr\u00f6\u00dfe ihres Gebiets zur Entlastung des Kreisj\u00e4germeisters angebracht, so kann sie f\u00fcr Teile ihres Gebiets besondere Vertreter des Kreisj\u00e4germeisters bestellen, die bestimmte Aufgaben nach seinen Weisungen wahrnehmen. Sie nehmen mit beratender Stimme an den Sitzungen des Jagdbeirats teil. F\u00fcr ihre Bestellung gilt Absatz 1 Satz 2 bis 5 entsprechend.<\/p>\n<p>Folgende Kreisj\u00e4germeister sind seit 1990 im Gebiet der J\u00e4gerschaft Bitterfeld-Wolfen berufen worden:<\/p>\n<ul>\n<li>Helmut Witter von 1990 bis 1994<\/li>\n<li>Herbert Ziegelmeier von 1994-2008<\/li>\n<li>Wolfgang Mengel seit 2008 - 2023<\/li>\n<li>Dr. Gero Brodowski seit 2025<\/li>\n<\/ul>\n","protected":false},"excerpt":{"rendered":"<p>Die Jagdbeh\u00f6rde wird jagdlich beraten durch den Kreisj\u00e4germeister (BJG \u00a7 41). Er wird auf Vorschlag der Organisation der J\u00e4ger von der Vertretung des Landkreises oder der kreisfreien Stadt f\u00fcr die Dauer von deren Wahlperiode gew\u00e4hlt. Die Vertretung kann ihn vorzeitig abberufen, wenn daf\u00fcr ein wichtiger Grund vorliegt. Der Kreisj\u00e4germeister muss die Voraussetzungen des \u00a7 11 <a href=\"https:\/\/www.kjs-bitterfeld.de\/index.php\/kreisjaegermeister\/\" class=\"more-link\">...weiterlesen<span class=\"screen-reader-text\"> \"Kreisj\u00e4germeister\"<\/span><\/a><\/p>\n","protected":false},"author":1,"featured_media":0,"parent":0,"menu_order":0,"comment_status":"closed","ping_status":"closed","template":"","meta":{"_bbp_topic_count":0,"_bbp_reply_count":0,"_bbp_total_topic_count":0,"_bbp_total_reply_count":0,"_bbp_voice_count":0,"_bbp_anonymous_reply_count":0,"_bbp_topic_count_hidden":0,"_bbp_reply_count_hidden":0,"_bbp_forum_subforum_count":0},"_links":{"self":[{"href":"https:\/\/www.kjs-bitterfeld.de\/index.php\/wp-json\/wp\/v2\/pages\/56"}],"collection":[{"href":"https:\/\/www.kjs-bitterfeld.de\/index.php\/wp-json\/wp\/v2\/pages"}],"about":[{"href":"https:\/\/www.kjs-bitterfeld.de\/index.php\/wp-json\/wp\/v2\/types\/page"}],"author":[{"embeddable":true,"href":"https:\/\/www.kjs-bitterfeld.de\/index.php\/wp-json\/wp\/v2\/users\/1"}],"replies":[{"embeddable":true,"href":"https:\/\/www.kjs-bitterfeld.de\/index.php\/wp-json\/wp\/v2\/comments?post=56"}],"version-history":[{"count":5,"href":"https:\/\/www.kjs-bitterfeld.de\/index.php\/wp-json\/wp\/v2\/pages\/56\/revisions"}],"predecessor-version":[{"id":1389,"href":"https:\/\/www.kjs-bitterfeld.de\/index.php\/wp-json\/wp\/v2\/pages\/56\/revisions\/1389"}],"wp:attachment":[{"href":"https:\/\/www.kjs-bitterfeld.de\/index.php\/wp-json\/wp\/v2\/media?parent=56"}],"curies":[{"name":"wp","href":"https:\/\/api.w.org\/{rel}","templated":true}]}}