{"id":117,"date":"2017-03-15T20:25:32","date_gmt":"2017-03-15T19:25:32","guid":{"rendered":"http:\/\/kjs-bitterfeld.acionline.de\/?page_id=117"},"modified":"2022-08-03T21:10:30","modified_gmt":"2022-08-03T21:10:30","slug":"jagdschule","status":"publish","type":"page","link":"https:\/\/www.kjs-bitterfeld.de\/index.php\/jagdschule\/","title":{"rendered":"Jagdschule"},"content":{"rendered":"<p>Die J\u00e4gerschaft Bitterfeld e.V. f\u00fchrt j\u00e4hrlich einen praxisorientierten Jungj\u00e4gerkurs durch. Es werden in der Regel zwei Veranstaltungen pro Woche angeboten (Freitag und Sonnabend). In der Ausbildung sind u.a. die Teilnahme an Dr\u00fcckjagden sowie Schie\u00dfstandtermine enthalten. Der Kurs erfolgt entsprechend der Ausbildungsrahmenrichtlinie des Landes Sachsen-Anhalt.<\/p>\n<p>Weitere Informationen und Kontakt:<\/p>\n<p>Thomas Franke - Obmann f\u00fcr die Jagdschule<\/p>\n<p>E-Mail: jagdschule@kjs-bitterfeld.de<\/p>\n","protected":false},"excerpt":{"rendered":"<p>Die J\u00e4gerschaft Bitterfeld e.V. f\u00fchrt j\u00e4hrlich einen praxisorientierten Jungj\u00e4gerkurs durch. Es werden in der Regel zwei Veranstaltungen pro Woche angeboten (Freitag und Sonnabend). In der Ausbildung sind u.a. die Teilnahme an Dr\u00fcckjagden sowie Schie\u00dfstandtermine enthalten. Der Kurs erfolgt entsprechend der Ausbildungsrahmenrichtlinie des Landes Sachsen-Anhalt. Weitere Informationen und Kontakt: Thomas Franke - Obmann f\u00fcr die Jagdschule <a href=\"https:\/\/www.kjs-bitterfeld.de\/index.php\/jagdschule\/\" class=\"more-link\">...weiterlesen<span class=\"screen-reader-text\"> \"Jagdschule\"<\/span><\/a><\/p>\n","protected":false},"author":763,"featured_media":0,"parent":0,"menu_order":0,"comment_status":"closed","ping_status":"closed","template":"","meta":{"_bbp_topic_count":0,"_bbp_reply_count":0,"_bbp_total_topic_count":0,"_bbp_total_reply_count":0,"_bbp_voice_count":0,"_bbp_anonymous_reply_count":0,"_bbp_topic_count_hidden":0,"_bbp_reply_count_hidden":0,"_bbp_forum_subforum_count":0},"_links":{"self":[{"href":"https:\/\/www.kjs-bitterfeld.de\/index.php\/wp-json\/wp\/v2\/pages\/117"}],"collection":[{"href":"https:\/\/www.kjs-bitterfeld.de\/index.php\/wp-json\/wp\/v2\/pages"}],"about":[{"href":"https:\/\/www.kjs-bitterfeld.de\/index.php\/wp-json\/wp\/v2\/types\/page"}],"author":[{"embeddable":true,"href":"https:\/\/www.kjs-bitterfeld.de\/index.php\/wp-json\/wp\/v2\/users\/763"}],"replies":[{"embeddable":true,"href":"https:\/\/www.kjs-bitterfeld.de\/index.php\/wp-json\/wp\/v2\/comments?post=117"}],"version-history":[{"count":19,"href":"https:\/\/www.kjs-bitterfeld.de\/index.php\/wp-json\/wp\/v2\/pages\/117\/revisions"}],"predecessor-version":[{"id":1260,"href":"https:\/\/www.kjs-bitterfeld.de\/index.php\/wp-json\/wp\/v2\/pages\/117\/revisions\/1260"}],"wp:attachment":[{"href":"https:\/\/www.kjs-bitterfeld.de\/index.php\/wp-json\/wp\/v2\/media?parent=117"}],"curies":[{"name":"wp","href":"https:\/\/api.w.org\/{rel}","templated":true}]}}